{"id":513,"date":"2022-03-08T11:25:39","date_gmt":"2022-03-08T10:25:39","guid":{"rendered":"https:\/\/www.movo.bz\/home\/"},"modified":"2022-03-24T12:03:37","modified_gmt":"2022-03-24T11:03:37","slug":"home","status":"publish","type":"page","link":"https:\/\/www.movo.bz\/lad\/","title":{"rendered":"Home"},"content":{"rendered":"<\/p>\n<div id='full_slider_1'  class='avia-fullwidth-slider main_color avia-shadow   avia-builder-el-0  el_before_av_one_full  avia-builder-el-first   container_wrap sidebar_right'  ><div  class='avia-slideshow av-2fcvfv-a81d53230837a0f67d3563a70516d063 avia-slideshow-no scaling av_slideshow_full avia-fade-slider av-slideshow-ui av-control-default av-slideshow-autoplay av-loop-endless av-loop-manual-endless av-default-height-applied   avia-slideshow-1' data-slideshow-options=\"{&quot;animation&quot;:&quot;fade&quot;,&quot;autoplay&quot;:true,&quot;loop_autoplay&quot;:&quot;endless&quot;,&quot;interval&quot;:5,&quot;loop_manual&quot;:&quot;manual-endless&quot;,&quot;autoplay_stopper&quot;:false,&quot;noNavigation&quot;:false,&quot;bg_slider&quot;:false,&quot;keep_padding&quot;:false,&quot;hoverpause&quot;:false,&quot;show_slide_delay&quot;:0}\"  itemprop=\"image\" itemscope=\"itemscope\" itemtype=\"https:\/\/schema.org\/ImageObject\" ><ul class='avia-slideshow-inner ' style='padding-bottom: 56.222547584187%;'><li  class='avia-slideshow-slide av-2fcvfv-a81d53230837a0f67d3563a70516d063__0  slide-1 slide-odd'><div data-rel='slideshow-1' class='avia-slide-wrap '   ><img decoding=\"async\" class=\"wp-image-486 avia-img-lazy-loading-not-486\"  src=\"https:\/\/www.movo.bz\/wp-content\/uploads\/2022\/03\/IMG_5519_korr.jpg\" width=\"1366\" height=\"768\" title='Sekretariat' alt='MOVO Sekretariat'  itemprop=\"thumbnailUrl\" srcset=\"https:\/\/www.movo.bz\/wp-content\/uploads\/2022\/03\/IMG_5519_korr.jpg 1366w, https:\/\/www.movo.bz\/wp-content\/uploads\/2022\/03\/IMG_5519_korr-300x169.jpg 300w, https:\/\/www.movo.bz\/wp-content\/uploads\/2022\/03\/IMG_5519_korr-1030x579.jpg 1030w, https:\/\/www.movo.bz\/wp-content\/uploads\/2022\/03\/IMG_5519_korr-768x432.jpg 768w, https:\/\/www.movo.bz\/wp-content\/uploads\/2022\/03\/IMG_5519_korr-705x396.jpg 705w\" sizes=\"(max-width: 1366px) 100vw, 1366px\" \/><\/div><\/li><li  class='avia-slideshow-slide av-2fcvfv-a81d53230837a0f67d3563a70516d063__1  slide-2 slide-even'><div data-rel='slideshow-1' class='avia-slide-wrap '   ><img decoding=\"async\" class=\"wp-image-492 avia-img-lazy-loading-not-492\"  src=\"https:\/\/www.movo.bz\/wp-content\/uploads\/2022\/03\/IMG_5600_korr.jpg\" width=\"1366\" height=\"768\" title='Buero Bruneck' alt='MOVO B\u00fcro'  itemprop=\"thumbnailUrl\" srcset=\"https:\/\/www.movo.bz\/wp-content\/uploads\/2022\/03\/IMG_5600_korr.jpg 1366w, https:\/\/www.movo.bz\/wp-content\/uploads\/2022\/03\/IMG_5600_korr-300x169.jpg 300w, https:\/\/www.movo.bz\/wp-content\/uploads\/2022\/03\/IMG_5600_korr-1030x579.jpg 1030w, https:\/\/www.movo.bz\/wp-content\/uploads\/2022\/03\/IMG_5600_korr-768x432.jpg 768w, https:\/\/www.movo.bz\/wp-content\/uploads\/2022\/03\/IMG_5600_korr-705x396.jpg 705w\" sizes=\"(max-width: 1366px) 100vw, 1366px\" \/><\/div><\/li><li  class='avia-slideshow-slide av-2fcvfv-a81d53230837a0f67d3563a70516d063__2  slide-3 slide-odd'><div data-rel='slideshow-1' class='avia-slide-wrap '   ><img decoding=\"async\" class=\"wp-image-490 avia-img-lazy-loading-not-490\"  src=\"https:\/\/www.movo.bz\/wp-content\/uploads\/2022\/03\/IMG_5581_korr.jpg\" width=\"1366\" height=\"768\" title='Buero MOVO' alt='MOVO B\u00fcro Martin Oberhammer'  itemprop=\"thumbnailUrl\" srcset=\"https:\/\/www.movo.bz\/wp-content\/uploads\/2022\/03\/IMG_5581_korr.jpg 1366w, https:\/\/www.movo.bz\/wp-content\/uploads\/2022\/03\/IMG_5581_korr-300x169.jpg 300w, https:\/\/www.movo.bz\/wp-content\/uploads\/2022\/03\/IMG_5581_korr-1030x579.jpg 1030w, https:\/\/www.movo.bz\/wp-content\/uploads\/2022\/03\/IMG_5581_korr-768x432.jpg 768w, https:\/\/www.movo.bz\/wp-content\/uploads\/2022\/03\/IMG_5581_korr-705x396.jpg 705w\" sizes=\"(max-width: 1366px) 100vw, 1366px\" \/><\/div><\/li><li  class='avia-slideshow-slide av-2fcvfv-a81d53230837a0f67d3563a70516d063__3  slide-4 slide-even'><div data-rel='slideshow-1' class='avia-slide-wrap '  title='B\u00fcro MOVO Bruneck' ><img decoding=\"async\" class=\"wp-image-432 avia-img-lazy-loading-not-432\"  src=\"https:\/\/www.movo.bz\/wp-content\/uploads\/2022\/02\/IMG_5513.jpg\" width=\"1366\" height=\"768\" title='MOVO Bruneck' alt='ufficio MOVO Brunico'  itemprop=\"thumbnailUrl\" srcset=\"https:\/\/www.movo.bz\/wp-content\/uploads\/2022\/02\/IMG_5513.jpg 1366w, https:\/\/www.movo.bz\/wp-content\/uploads\/2022\/02\/IMG_5513-300x169.jpg 300w, https:\/\/www.movo.bz\/wp-content\/uploads\/2022\/02\/IMG_5513-1030x579.jpg 1030w, https:\/\/www.movo.bz\/wp-content\/uploads\/2022\/02\/IMG_5513-768x432.jpg 768w, https:\/\/www.movo.bz\/wp-content\/uploads\/2022\/02\/IMG_5513-705x396.jpg 705w\" sizes=\"(max-width: 1366px) 100vw, 1366px\" \/><\/div><\/li><li  class='avia-slideshow-slide av-2fcvfv-a81d53230837a0f67d3563a70516d063__4  slide-5 slide-odd'><div data-rel='slideshow-1' class='avia-slide-wrap '   ><img decoding=\"async\" class=\"wp-image-488 avia-img-lazy-loading-not-488\"  src=\"https:\/\/www.movo.bz\/wp-content\/uploads\/2022\/03\/IMG_5585_korr.jpg\" width=\"1366\" height=\"768\" title='Buero Dott. Oberhammer' alt='Martin Oberhammer B\u00fcro Movo'  itemprop=\"thumbnailUrl\" srcset=\"https:\/\/www.movo.bz\/wp-content\/uploads\/2022\/03\/IMG_5585_korr.jpg 1366w, https:\/\/www.movo.bz\/wp-content\/uploads\/2022\/03\/IMG_5585_korr-300x169.jpg 300w, https:\/\/www.movo.bz\/wp-content\/uploads\/2022\/03\/IMG_5585_korr-1030x579.jpg 1030w, https:\/\/www.movo.bz\/wp-content\/uploads\/2022\/03\/IMG_5585_korr-768x432.jpg 768w, https:\/\/www.movo.bz\/wp-content\/uploads\/2022\/03\/IMG_5585_korr-705x396.jpg 705w\" sizes=\"(max-width: 1366px) 100vw, 1366px\" \/><\/div><\/li><li  class='avia-slideshow-slide av-2fcvfv-a81d53230837a0f67d3563a70516d063__5  slide-6 slide-even'><div data-rel='slideshow-1' class='avia-slide-wrap '  title='MOVO Bruneck Steuerberatungskanzlei' ><img decoding=\"async\" class=\"wp-image-446 avia-img-lazy-loading-not-446\"  src=\"https:\/\/www.movo.bz\/wp-content\/uploads\/2022\/02\/IMG_5630.jpg\" width=\"1366\" height=\"768\" title='Buero MOVO Bruneck' alt='ufficio MOVO Brunico Commercialisti'  itemprop=\"thumbnailUrl\" srcset=\"https:\/\/www.movo.bz\/wp-content\/uploads\/2022\/02\/IMG_5630.jpg 1366w, https:\/\/www.movo.bz\/wp-content\/uploads\/2022\/02\/IMG_5630-300x169.jpg 300w, https:\/\/www.movo.bz\/wp-content\/uploads\/2022\/02\/IMG_5630-1030x579.jpg 1030w, https:\/\/www.movo.bz\/wp-content\/uploads\/2022\/02\/IMG_5630-768x432.jpg 768w, https:\/\/www.movo.bz\/wp-content\/uploads\/2022\/02\/IMG_5630-705x396.jpg 705w\" sizes=\"(max-width: 1366px) 100vw, 1366px\" \/><\/div><\/li><li  class='avia-slideshow-slide av-2fcvfv-a81d53230837a0f67d3563a70516d063__6  slide-7 slide-odd'><div data-rel='slideshow-1' class='avia-slide-wrap '   ><img decoding=\"async\" class=\"wp-image-478 avia-img-lazy-loading-not-478\"  src=\"https:\/\/www.movo.bz\/wp-content\/uploads\/2022\/03\/Movo_PZ_A4_abfallend_def.jpg\" width=\"1366\" height=\"768\" title='MOVO Team' alt='Team MOVO Brunico'  itemprop=\"thumbnailUrl\" srcset=\"https:\/\/www.movo.bz\/wp-content\/uploads\/2022\/03\/Movo_PZ_A4_abfallend_def.jpg 1366w, https:\/\/www.movo.bz\/wp-content\/uploads\/2022\/03\/Movo_PZ_A4_abfallend_def-300x169.jpg 300w, https:\/\/www.movo.bz\/wp-content\/uploads\/2022\/03\/Movo_PZ_A4_abfallend_def-1030x579.jpg 1030w, https:\/\/www.movo.bz\/wp-content\/uploads\/2022\/03\/Movo_PZ_A4_abfallend_def-768x432.jpg 768w, https:\/\/www.movo.bz\/wp-content\/uploads\/2022\/03\/Movo_PZ_A4_abfallend_def-705x396.jpg 705w\" sizes=\"(max-width: 1366px) 100vw, 1366px\" \/><\/div><\/li><\/ul><div class='avia-slideshow-arrows avia-slideshow-controls' ><a href='#prev' class='prev-slide ' aria-hidden='true' data-av_icon='\ue87c' data-av_iconfont='entypo-fontello'  tabindex='-1'>Previous<\/a><a href='#next' class='next-slide ' aria-hidden='true' data-av_icon='\ue87d' data-av_iconfont='entypo-fontello'  tabindex='-1'>Next<\/a><\/div><div class='avia-slideshow-dots avia-slideshow-controls'><a href='#1' class='goto-slide active' >1<\/a><a href='#2' class='goto-slide ' >2<\/a><a href='#3' class='goto-slide ' >3<\/a><a href='#4' class='goto-slide ' >4<\/a><a href='#5' class='goto-slide ' >5<\/a><a href='#6' class='goto-slide ' >6<\/a><a href='#7' class='goto-slide ' >7<\/a><\/div><\/div><\/div><div id='after_full_slider_1'  class='main_color av_default_container_wrap container_wrap sidebar_right'  ><div class='container av-section-cont-open' ><div class='template-page content  av-content-small alpha units'><div class='post-entry post-entry-type-page post-entry-513'><div class='entry-content-wrapper clearfix'>\n\n<style type=\"text\/css\" data-created_by=\"avia_inline_auto\" id=\"style-css-av-45lyr-2bb0f2a11567b6362b79e2f1b014c67c\">\n.flex_column.av-45lyr-2bb0f2a11567b6362b79e2f1b014c67c{\n-webkit-border-radius:0px 0px 0px 0px;\n-moz-border-radius:0px 0px 0px 0px;\nborder-radius:0px 0px 0px 0px;\npadding:0px 0px 0px 0px;\n}\n<\/style>\n<div class='flex_column av-45lyr-2bb0f2a11567b6362b79e2f1b014c67c av_one_full  avia-builder-el-1  el_after_av_slideshow_full  el_before_av_hr  avia-builder-el-first  first flex_column_div av-zero-column-padding '     ><p>\n<style type=\"text\/css\" data-created_by=\"avia_inline_auto\" id=\"style-css-av-wlwyr-22e5899b7b94319dd13cf38b5da9633c\">\n#top .av-special-heading.av-wlwyr-22e5899b7b94319dd13cf38b5da9633c{\npadding-bottom:10px;\n}\nbody .av-special-heading.av-wlwyr-22e5899b7b94319dd13cf38b5da9633c .av-special-heading-tag .heading-char{\nfont-size:25px;\n}\n.av-special-heading.av-wlwyr-22e5899b7b94319dd13cf38b5da9633c .av-subheading{\nfont-size:15px;\n}\n<\/style>\n<div  class='av-special-heading av-wlwyr-22e5899b7b94319dd13cf38b5da9633c av-special-heading-h2  avia-builder-el-2  el_before_av_hr  avia-builder-el-first '><h2 class='av-special-heading-tag'  itemprop=\"headline\"  >MOVO              Osc Doturs Comerzialis\u0107 y Revisurs Legai  tl z\u00ebnter dla cit\u00e9 de Bornech<\/h2><div class=\"special-heading-border\"><div class=\"special-heading-inner-border\"><\/div><\/div><\/div><br \/>\n\n<style type=\"text\/css\" data-created_by=\"avia_inline_auto\" id=\"style-css-av-t9143-503b5cca224424ef0d1caa316bb4e4af\">\n#top .hr.hr-invisible.av-t9143-503b5cca224424ef0d1caa316bb4e4af{\nheight:20px;\n}\n<\/style>\n<div  class='hr av-t9143-503b5cca224424ef0d1caa316bb4e4af hr-invisible  avia-builder-el-3  el_after_av_heading  el_before_av_textblock '><span class='hr-inner '><span class=\"hr-inner-style\"><\/span><\/span><\/div><br \/>\n<section  class='av_textblock_section av-immwr-283b521a3653a36f212fa5cf34317bfe'  itemscope=\"itemscope\" itemtype=\"https:\/\/schema.org\/CreativeWork\" ><div class='avia_textblock'  itemprop=\"text\" ><p>I sun n team jonn y dinamich de Doturs Comerzialis\u0107 y Revisurs Legai tl z\u00ebnter de Bornech.<\/p>\n<p>Do av\u00ebi stl\u00fct j\u00f6 n\u00f6sc st\u00fcdi universitars unse alb\u00fc la poscibilit\u00e9 de mador\u00ed na gran esperi\u00ebnza y spezialisaziun te depl\u00fc st\u00fcdi de comerzialis\u0107 importanc.<\/p>\n<\/div><\/section><br \/>\n<section  class='av_textblock_section av-edfh7-70688aacea8cfe6ee1c5f40e5e2bc6e7'  itemscope=\"itemscope\" itemtype=\"https:\/\/schema.org\/CreativeWork\" ><div class='avia_textblock'  itemprop=\"text\" ><h6>I nes tolun ion t\u00ebmp por Os y \u00d6sc deboj\u00ebgns. i Ves garantiun la mascima responsabilit\u00e9 y sorvisc cualific\u00e1. I sun bogn da se pit\u00e9 consul\u00ebnzes mirades y s\u00f6n mos\u00f6ra.<\/h6>\n<\/div><\/section><\/p><\/div><div  class='hr av-8sshf-3db54524d3dd29419eecac924fe7e70b hr-default  avia-builder-el-6  el_after_av_one_full  avia-builder-el-last '><span class='hr-inner '><span class=\"hr-inner-style\"><\/span><\/span><\/div><\/p>\n","protected":false},"excerpt":{"rendered":"","protected":false},"author":1,"featured_media":0,"parent":0,"menu_order":0,"comment_status":"closed","ping_status":"closed","template":"","meta":{"footnotes":""},"yoast_head":"<!-- This site is optimized with the Yoast SEO plugin v23.4 - https:\/\/yoast.com\/wordpress\/plugins\/seo\/ -->\n<title>Home - Movo Wirtschaftsberater Steuerberater Bruneck<\/title>\n<meta name=\"robots\" content=\"index, follow, max-snippet:-1, max-image-preview:large, max-video-preview:-1\" \/>\n<link rel=\"canonical\" href=\"https:\/\/www.movo.bz\/home\/\" \/>\n<meta property=\"og:locale\" content=\"en_US\" \/>\n<meta property=\"og:type\" content=\"article\" \/>\n<meta property=\"og:title\" content=\"Home - Movo Wirtschaftsberater Steuerberater Bruneck\" \/>\n<meta property=\"og:url\" content=\"https:\/\/www.movo.bz\/home\/\" \/>\n<meta property=\"og:site_name\" content=\"Movo Wirtschaftsberater Steuerberater Bruneck\" \/>\n<meta property=\"article:modified_time\" content=\"2022-03-24T11:03:37+00:00\" \/>\n<meta name=\"twitter:card\" content=\"summary_large_image\" \/>\n<meta name=\"twitter:label1\" content=\"Est. reading time\" \/>\n\t<meta name=\"twitter:data1\" content=\"4 minutes\" \/>\n<script type=\"application\/ld+json\" class=\"yoast-schema-graph\">{\"@context\":\"https:\/\/schema.org\",\"@graph\":[{\"@type\":\"WebPage\",\"@id\":\"https:\/\/www.movo.bz\/home\/\",\"url\":\"https:\/\/www.movo.bz\/home\/\",\"name\":\"Home - Movo Wirtschaftsberater Steuerberater Bruneck\",\"isPartOf\":{\"@id\":\"https:\/\/www.movo.bz\/#website\"},\"datePublished\":\"2022-03-08T10:25:39+00:00\",\"dateModified\":\"2022-03-24T11:03:37+00:00\",\"breadcrumb\":{\"@id\":\"https:\/\/www.movo.bz\/home\/#breadcrumb\"},\"inLanguage\":\"la-LA\",\"potentialAction\":[{\"@type\":\"ReadAction\",\"target\":[\"https:\/\/www.movo.bz\/home\/\"]}]},{\"@type\":\"BreadcrumbList\",\"@id\":\"https:\/\/www.movo.bz\/home\/#breadcrumb\",\"itemListElement\":[{\"@type\":\"ListItem\",\"position\":1,\"name\":\"Startseite\",\"item\":\"https:\/\/www.movo.bz\/home\/\"},{\"@type\":\"ListItem\",\"position\":2,\"name\":\"Home\"}]},{\"@type\":\"WebSite\",\"@id\":\"https:\/\/www.movo.bz\/#website\",\"url\":\"https:\/\/www.movo.bz\/\",\"name\":\"Movo Wirtschaftsberater Steuerberater Bruneck\",\"description\":\"Dr. Martin Oberhammer | Dr. Valentin Oberhollenzer\",\"publisher\":{\"@id\":\"https:\/\/www.movo.bz\/#organization\"},\"potentialAction\":[{\"@type\":\"SearchAction\",\"target\":{\"@type\":\"EntryPoint\",\"urlTemplate\":\"https:\/\/www.movo.bz\/?s={search_term_string}\"},\"query-input\":{\"@type\":\"PropertyValueSpecification\",\"valueRequired\":true,\"valueName\":\"search_term_string\"}}],\"inLanguage\":\"la-LA\"},{\"@type\":\"Organization\",\"@id\":\"https:\/\/www.movo.bz\/#organization\",\"name\":\"Movo Wirtschaftsberater Steuerberater Bruneck\",\"url\":\"https:\/\/www.movo.bz\/\",\"logo\":{\"@type\":\"ImageObject\",\"inLanguage\":\"la-LA\",\"@id\":\"https:\/\/www.movo.bz\/#\/schema\/logo\/image\/\",\"url\":\"https:\/\/www.movo.bz\/wp-content\/uploads\/2021\/09\/Movo_logo_gruen_500.png\",\"contentUrl\":\"https:\/\/www.movo.bz\/wp-content\/uploads\/2021\/09\/Movo_logo_gruen_500.png\",\"width\":500,\"height\":133,\"caption\":\"Movo Wirtschaftsberater Steuerberater Bruneck\"},\"image\":{\"@id\":\"https:\/\/www.movo.bz\/#\/schema\/logo\/image\/\"}}]}<\/script>\n<!-- \/ Yoast SEO plugin. -->","yoast_head_json":{"title":"Home - Movo Wirtschaftsberater Steuerberater Bruneck","robots":{"index":"index","follow":"follow","max-snippet":"max-snippet:-1","max-image-preview":"max-image-preview:large","max-video-preview":"max-video-preview:-1"},"canonical":"https:\/\/www.movo.bz\/home\/","og_locale":"en_US","og_type":"article","og_title":"Home - Movo Wirtschaftsberater Steuerberater Bruneck","og_url":"https:\/\/www.movo.bz\/home\/","og_site_name":"Movo Wirtschaftsberater Steuerberater Bruneck","article_modified_time":"2022-03-24T11:03:37+00:00","twitter_card":"summary_large_image","twitter_misc":{"Est. reading time":"4 minutes"},"schema":{"@context":"https:\/\/schema.org","@graph":[{"@type":"WebPage","@id":"https:\/\/www.movo.bz\/home\/","url":"https:\/\/www.movo.bz\/home\/","name":"Home - Movo Wirtschaftsberater Steuerberater Bruneck","isPartOf":{"@id":"https:\/\/www.movo.bz\/#website"},"datePublished":"2022-03-08T10:25:39+00:00","dateModified":"2022-03-24T11:03:37+00:00","breadcrumb":{"@id":"https:\/\/www.movo.bz\/home\/#breadcrumb"},"inLanguage":"la-LA","potentialAction":[{"@type":"ReadAction","target":["https:\/\/www.movo.bz\/home\/"]}]},{"@type":"BreadcrumbList","@id":"https:\/\/www.movo.bz\/home\/#breadcrumb","itemListElement":[{"@type":"ListItem","position":1,"name":"Startseite","item":"https:\/\/www.movo.bz\/home\/"},{"@type":"ListItem","position":2,"name":"Home"}]},{"@type":"WebSite","@id":"https:\/\/www.movo.bz\/#website","url":"https:\/\/www.movo.bz\/","name":"Movo Wirtschaftsberater Steuerberater Bruneck","description":"Dr. Martin Oberhammer | Dr. Valentin Oberhollenzer","publisher":{"@id":"https:\/\/www.movo.bz\/#organization"},"potentialAction":[{"@type":"SearchAction","target":{"@type":"EntryPoint","urlTemplate":"https:\/\/www.movo.bz\/?s={search_term_string}"},"query-input":{"@type":"PropertyValueSpecification","valueRequired":true,"valueName":"search_term_string"}}],"inLanguage":"la-LA"},{"@type":"Organization","@id":"https:\/\/www.movo.bz\/#organization","name":"Movo Wirtschaftsberater Steuerberater Bruneck","url":"https:\/\/www.movo.bz\/","logo":{"@type":"ImageObject","inLanguage":"la-LA","@id":"https:\/\/www.movo.bz\/#\/schema\/logo\/image\/","url":"https:\/\/www.movo.bz\/wp-content\/uploads\/2021\/09\/Movo_logo_gruen_500.png","contentUrl":"https:\/\/www.movo.bz\/wp-content\/uploads\/2021\/09\/Movo_logo_gruen_500.png","width":500,"height":133,"caption":"Movo Wirtschaftsberater Steuerberater Bruneck"},"image":{"@id":"https:\/\/www.movo.bz\/#\/schema\/logo\/image\/"}}]}},"_links":{"self":[{"href":"https:\/\/www.movo.bz\/lad\/wp-json\/wp\/v2\/pages\/513"}],"collection":[{"href":"https:\/\/www.movo.bz\/lad\/wp-json\/wp\/v2\/pages"}],"about":[{"href":"https:\/\/www.movo.bz\/lad\/wp-json\/wp\/v2\/types\/page"}],"author":[{"embeddable":true,"href":"https:\/\/www.movo.bz\/lad\/wp-json\/wp\/v2\/users\/1"}],"replies":[{"embeddable":true,"href":"https:\/\/www.movo.bz\/lad\/wp-json\/wp\/v2\/comments?post=513"}],"version-history":[{"count":18,"href":"https:\/\/www.movo.bz\/lad\/wp-json\/wp\/v2\/pages\/513\/revisions"}],"predecessor-version":[{"id":763,"href":"https:\/\/www.movo.bz\/lad\/wp-json\/wp\/v2\/pages\/513\/revisions\/763"}],"wp:attachment":[{"href":"https:\/\/www.movo.bz\/lad\/wp-json\/wp\/v2\/media?parent=513"}],"curies":[{"name":"wp","href":"https:\/\/api.w.org\/{rel}","templated":true}]}}